highest common factor of 456768 and 6299904.
2496
What is the greatest common factor of 1502403 and 7282584?
7401
What is the highest common divisor of 1238 and 26891836?
1238
Calculate the highest common factor of 251482125 and 825.
75
Calculate the highest common factor of 3210 and 2595966.
6
Calculate the greatest common factor of 6670087 and 5974.
29
What is the greatest common factor of 14972421 and 615?
123
What is the greatest common divisor of 1375103240 and 16?
8
What is the highest common factor of 3870504 and 3992?
8
What is the highest common divisor of 4409263 and 37023?
1763
What is the highest common factor of 32224 and 1239617?
1007
Calculate the highest common divisor of 23606451 and 198.
99
Calculate the greatest common divisor of 773 and 69236064.
773
Calculate the greatest common factor of 16110 and 62970.
30
Calculate the highest common divisor of 64209764 and 1017.
113
What is the greatest common divisor of 387 and 54225537?
129
What is the greatest common factor of 204 and 442109616?
204
What is the highest common factor of 549 and 537094386?
549
What is the greatest common factor of 618495 and 7545?
15
What is the greatest common divisor of 32274388 and 8?
4
Calculate the greatest common divisor of 159355 and 8785.
35
Calculate the greatest common divisor of 117853854 and 696.
174
Calculate the highest common factor of 16 and 129289584.
16
What is the highest common divisor of 1064491075 and 11300?
2825
Calculate the greatest common divisor of 407 and 1088651.
37
Calculate the highest common factor of 13464585 and 990.
45
What is the greatest common divisor of 335237644 and 17724?
5908
Calculate the highest common factor of 3476558 and 24634.
226
Calculate the greatest common divisor of 58128424 and 8406.
934
What is the highest common divisor of 14118928 and 176?
16
What is the highest common factor of 14179761 and 9?
9
What is the greatest common factor of 691688800 and 16?
16
Calculate the greatest common factor of 919964 and 9772.
1396
Calculate the highest common factor of 384 and 15516888.
24
Calculate the greatest common factor of 26244 and 386748.
108
What is the highest common factor of 7806067 and 83?
83
Calculate the highest common factor of 22544 and 57174402.
2818
What is the greatest common divisor of 928668620 and 55?
55
Calculate the greatest common divisor of 12524769 and 6.
3
What is the highest common divisor of 712 and 415756202?
178
Calculate the greatest common factor of 14205 and 128792000.
4735
What is the highest common divisor of 1051475 and 18727?
307
Calculate the highest common factor of 2511 and 991278.
81
Calculate the greatest common factor of 9802 and 14855308.
754
Calculate the greatest common factor of 8979 and 426441.
123
What is the greatest common divisor of 3479276 and 68?
4
Calculate the highest common factor of 921671919 and 196.
49
Calculate the highest common divisor of 14658 and 2061543.
1047
What is the greatest common factor of 3 and 107163405?
3
What is the highest common divisor of 1260 and 5029380?
180
Calculate the highest common divisor of 58353 and 56392.
53
Calculate the greatest common divisor of 220324 and 9248668.
988
What is the highest common factor of 151741773 and 3?
3
What is the highest common factor of 191415 and 3570?
105
Calculate the greatest common factor of 4464 and 39309147.
279
What is the highest common factor of 96234159 and 11277?
3759
What is the greatest common factor of 11 and 654678805?
11
Calculate the highest common factor of 599168 and 1963.
151
Calculate the greatest common divisor of 2552178286 and 7322.
7322
What is the highest common factor of 34207949 and 53?
53
What is the greatest common divisor of 230767658 and 682?
682
Calculate the highest common factor of 209 and 14554779.
19
What is the highest common divisor of 2305 and 1498015?
5
What is the greatest common divisor of 1730919 and 171?
57
Calculate the greatest common divisor of 393834035 and 21.
7
What is the greatest common divisor of 5773 and 143635?
23
Calculate the highest common divisor of 6384 and 65246608.
2128
Calculate the greatest common factor of 490 and 6967030.
70
Calculate the greatest common divisor of 28812 and 90.
6
Calculate the highest common factor of 36 and 5454852.
12
Calculate the greatest common divisor of 1209040 and 762.
254
What is the highest common factor of 1052 and 153220381?
263
What is the greatest common factor of 1734 and 2091?
51
What is the greatest common factor of 58905 and 81369225?
5355
What is the greatest common divisor of 824900299 and 1003?
1003
Calculate the highest common divisor of 107416 and 712094.
926
What is the highest common factor of 14024 and 4980273?
1753
What is the highest common factor of 503 and 173576749?
503
Calculate the greatest common factor of 2418827108 and 2116.
2116
Calculate the greatest common divisor of 7 and 4702859.
7
What is the greatest common factor of 106335 and 15531795?
765
What is the highest common divisor of 4064 and 45024040?
1016
Calculate the highest common divisor of 85024 and 96512.
32
What is the greatest common divisor of 7325 and 32670?
5
What is the highest common factor of 1114 and 129188?
2
What is the greatest common factor of 24036984 and 7632?
3816
Calculate the highest common divisor of 76540680 and 1572.
1572
Calculate the greatest common factor of 92416 and 2795223.
361
What is the highest common divisor of 1730 and 2231527?
173
What is the greatest common divisor of 17613 and 20667?
3
Calculate the highest common factor of 14814 and 4842.
18
Calculate the greatest common divisor of 791 and 28443230.
113
What is the highest common factor of 2467080 and 239820?
420
Calculate the highest common factor of 135 and 9108735.
15
What is the greatest common divisor of 3508868 and 24004?
68
What is the greatest common divisor of 837 and 122715?
27
What is the highest common factor of 29528 and 181722694?
7382
What is the highest common divisor of 812 and 18407924?
116
What is the highest common divisor of 1639 and 14395933?
149
What is the highest common divisor of 1817288 and 384263?
2123
What is the highest common divisor of 3900 and 83266950?
1950
What is the greatest common factor of 21833606 and 2390?
478
Calculate the highest common factor of 4709 and 4811.
17
What is the highest common factor of 510741 and 154368?
603
What is the highest common divisor of 75562991 and 629?
37
Calculate the highest common factor of 9990 and 840321.
27
Calculate the highest common factor of 90 and 41466.
6
Calculate the highest common factor of 34900 and 109798890.
3490
What is the greatest common factor of 420590 and 190?
10
What is the highest common divisor of 3513026 and 66?
22
Calculate the highest common divisor of 1888 and 14476122.
118
What is the highest common divisor of 57460885 and 205?
205
Calculate the highest common factor of 139564 and 48865604.
6068
Calculate the greatest common factor of 20175 and 712654975.
6725
What is the highest common factor of 547120 and 7385?
35
What is the greatest common factor of 7366 and 151003?
3683
Calculate the highest common divisor of 1206 and 1140984.
18
What is the greatest common factor of 1888 and 1275856592?
944
What is the highest common divisor of 166 and 205628?
2
What is the highest common divisor of 54200 and 76050?
50
What is the greatest common factor of 197945 and 5720?
55
What is the highest common factor of 1127292 and 4140?
12
What is the highest common divisor of 424752 and 152?
8
Calculate the greatest common factor of 5 and 32915405.
5
Calculate the highest common divisor of 5226838 and 824.
206
Calculate the greatest common factor of 6983777 and 2138.
1069
Calculate the highest common divisor of 202107841 and 13.
13
What is the greatest common factor of 910 and 280209475?
455
What is the highest common divisor of 66 and 1840512?
6
Calculate the highest common factor of 6988720 and 370.
10
Calculate the greatest common divisor of 788675 and 85.
5
What is the greatest common factor of 13075584 and 6?
6
Calculate the greatest common divisor of 450 and 372934950.
150
Calculate the highest common factor of 256817 and 22085.
631
What is the greatest common divisor of 698865 and 12?
3
What is the greatest common divisor of 3 and 10